 3235777?
False
Is 476455 a multiple of 253?
False
Is 59 a factor of 139168?
False
Is 634443 a multiple of 189?
False
Does 6 divide 22599?
False
Is 91 a factor of 555555?
True
Is 410675 a multiple of 6?
False
Does 223 divide 2233045?
False
Is 10571040 a multiple of 90?
True
Is 313537 a multiple of 498?
False
Does 2 divide 105003?
False
Is 1307955 a multiple of 152?
False
Does 32 divide 1488224?
True
Is 16 a factor of 829035?
False
Is 101 a factor of 128805?
False
Is 451731 a multiple of 439?
True
Is 51 a factor of 1029605?
False
Does 222 divide 76756?
False
Is 2254 a factor of 35239036?
True
Is 246 a factor of 215451?
False
Is 98 a factor of 178948?
True
Does 2 divide 2150?
True
Is 2173 a multiple of 62?
False
Does 14 divide 103194?
True
Is 14 a factor of 272748?
True
Is 2 a factor of 166944?
True
Is 6029368 a multiple of 54?
False
Is 54 a factor of 177552?
True
Does 13 divide 131402?
False
Is 21 a factor of 148445?
False
Is 30992 a multiple of 8?
True
Is 24 a factor of 611928?
True
Is 434754 a multiple of 52?
False
Is 8496957 a multiple of 119?
True
Is 110517 a multiple of 6?
False
Does 1134 divide 17728848?
False
Is 270 a factor of 2522070?
True
Is 51 a factor of 110042?
False
Is 2837240 a multiple of 70?
True
Is 844062 a multiple of 13?
False
Is 212 a factor of 184864?
True
Is 12325 a multiple of 85?
True
Is 308574 a multiple of 126?
True
Is 18 a factor of 3555990?
True
Does 187 divide 248710?
True
Is 785539 a multiple of 11?
False
Does 64 divide 988288?
True
Is 355186 a multiple of 17?
False
Is 144704 a multiple of 238?
True
Is 466 a factor of 1200636?
False
Is 625 a factor of 5227913?
False
Is 13 a factor of 4788736?
False
Is 5921208 a multiple of 108?
True
Is 550575 a multiple of 25?
True
Does 5 divide 500995?
True
Is 117728 a multiple of 50?
False
Is 673 a factor of 1895651?
False
Does 70 divide 404088?
False
Does 13 divide 18237?
False
Is 175 a factor of 3620575?
True
Is 5 a factor of 7076062?
False
Does 40 divide 476800?
True
Is 236 a factor of 122484?
True
Is 21 a factor of 2730?
True
Is 34 a factor of 7559968?
True
Does 10 divide 1036109?
False
Does 78 divide 259363?
False
Is 45 a factor of 1624277?
False
Does 10 divide 5281532?
False
Does 6 divide 708952?
False
Does 21 divide 13458767?
False
Is 381 a factor of 316583?
False
Does 637 divide 3947057?
False
Is 66 a factor of 10804855?
False
Is 496 a factor of 5110288?
True
Does 56 divide 354982?
False
Is 6 a factor of 52179?
False
Does 214 divide 7350900?
True
Is 56 a factor of 76675?
False
Is 235983 a multiple of 75?
False
Is 4 a factor of 773726?
False
Is 2740289 a multiple of 23?
True
Does 87 divide 155556?
True
Is 3851680 a multiple of 95?
True
Is 27 a factor of 2544191?
False
Does 52 divide 325318?
False
Is 363947 a multiple of 4?
False
Is 3267570 a multiple of 255?
True
Is 1027 a multiple of 14?
False
Is 187540 a multiple of 8?
False
Does 63 divide 145089?
True
Does 6 divide 623430?
True
Is 54459 a multiple of 57?
False
Is 12332925 a multiple of 55?
True
Does 159 divide 6678739?
False
Is 21874 a multiple of 74?
False
Is 2 a factor of 32887?
False
Does 6 divide 262538?
False
Does 18 divide 3095442?
True
Does 218 divide 86110?
True
Is 192 a factor of 8068723?
False
Is 492030 a multiple of 447?
False
Is 37 a factor of 369191?
False
Does 8 divide 2105584?
True
Is 168 a factor of 731136?
True
Is 35163 a multiple of 6?
False
Does 4 divide 9952?
True
Does 6 divide 106794?
True
Is 1149571 a multiple of 18?
False
Does 4 divide 175932?
True
Does 1528 divide 2923589?
False
Is 10065431 a multiple of 11?
False
Is 540 a factor of 492997?
False
Is 97593 a multiple of 185?
False
Does 358 divide 218663?
False
Is 35 a factor of 145963?
False
Is 74980 a multiple of 2?
True
Does 5 divide 7525?
True
Is 17 a factor of 49032?
False
Does 1124 divide 17143248?
True
Does 96 divide 174208?
False
Does 45 divide 743535?
True
Is 11 a factor of 17687?
False
Is 11 a factor of 133804?
True
Does 45 divide 57960?
True
Does 134 divide 1072627?
False
Is 1886 a multiple of 40?
False
Is 2155527 a multiple of 11?
True
Is 32 a factor of 18017408?
True
Is 94064 a multiple of 15?
False
Is 124850 a multiple of 11?
True
Is 10 a factor of 2291921?
False
Is 110476 a multiple of 47?
False
Is 1425236 a multiple of 587?
True
Does 704 divide 1169344?
True
Is 428298 a multiple of 38?
True
Is 4 a factor of 33451?
False
Is 726311 even?
False
Is 865685 a multiple of 16?
False
Is 207765 a multiple of 285?
True
Is 125 a factor of 2554679?
False
Is 3956030 a multiple of 13?
True
Is 12 a factor of 308360?
False
Is 4 a factor of 37090?
False
Is 80 a factor of 6012743?
False
Is 8207542 a multiple of 1003?
False
Is 20 a factor of 32554?
False
Is 200623 a multiple of 457?
True
Does 211 divide 427807?
False
Does 46 divide 220450?
False
Is 17865672 a multiple of 111?
True
Does 37 divide 1726700?
False
Is 6014281 a multiple of 7?
True
Is 3754850 a multiple of 202?
False
Is 18 a factor of 354888?
True
Is 84 a factor of 7370991?
False
Is 60 a factor of 820260?
True
Does 44 divide 497068?
True
Is 13850 a multiple of 10?
True
Is 1355829 a multiple of 3?
True
Is 10 a factor of 858604?
False
Is 26235 a multiple of 11?
True
Does 13 divide 69485?
True
Is 18413778 a multiple of 1318?
True
Is 110790 a multiple of 18?
True
Is 16 a factor of 1742496?
True
Does 39 divide 34203?
True
Does 95 divide 7532550?
True
Is 35832 a multiple of 6?
True
Does 373 divide 2699?
False
Is 441 a factor of 424321?
False
Is 15 a factor of 4121355?
True
Is 11257 a multiple of 9?
False
Is 83 a factor of 1463486?
False
Is 129 a factor of 1914360?
True
Is 380354 a multiple of 21?
False
Is 13 a factor of 81185?
True
Does 22 divide 351911?
False
Is 177 a factor of 2520303?
True
Is 32 a factor of 20478720?
True
Does 16 divide 2782?
False
Is 183 a factor of 1816458?
True
Is 10 a factor of 368400?
True
Is 286273 even?
False
Is 199 a factor of 154109?
False
Does 65 divide 234917?
False
Is 533589 a multiple of 21?
True
Is 87353 a multiple of 21?
False
Is 1642155 a multiple of 20?
False
Is 1615 a multiple of 3?
False
Does 29 divide 2841191?
False
Is 31 a factor of 25069?
False
Does 4 divide 274224?
True
Is 94763 a multiple of 4?
False
Is 5 a factor of 1071390?
True
Is 617 a factor of 4799173?
False
Is 665364 a multiple of 14?
True
Does 9 divide 134449?
False
Is 25 a factor of 21617?
False
Is 41 a factor of 290526?
True
Does 811 divide 3784937?
True
Is 8178864 a multiple of 695?
False
Is 75 a factor of 546558?
False
Is 42 a factor of 179886?
True
Does 21 divide 6636504?
True
Does 47 divide 256604?
False
Is 4498046 a multiple of 70?
False
Does 815 divide 3767745?
True
Is 129 a factor of 9285936?
True
Is 1149000 a multiple of 100?
True
Does 203 divide 28014?
True
Is 13 a factor of 6960811?
True
Is 1316 a factor of 1817391?
False
Does 294 divide 128478?
True
Is 17 a factor of 1458482?
False
Is 311832 a multiple of 426?
True
Is 204443 even?
False
Is 17 a factor of 901608?
False
Is 760306 a multiple of 13?
False
Is 5203994 a multiple of 258?
False
Is 822465 a multiple of 7?
True
Is 9122715 a multiple of 35?
True
Is 31736 a multiple of 4?
True
Does 80 divide 328584?
False
Is 46 a factor of 147338?
True
Does 15 divide 1297075?
False
Is 185142 a multiple of 354?
True
Does 9 divide 248886?
True
Is 1280720 a multiple of 40?
True
Is 44625 a multiple of 125?
True
Does 11 divide 2567628?
False
Is 51707 a multiple of 135?
False
Does 610 divide 4682360?
True
Does 17 divide 2278493?
True
Is 5338674 a multiple of 33?
True
Is 703033 a multiple of 20?
False
Does 13 divide 2986399?
True
Is 753 a factor of 2659596?
True
Is 1782744 a multiple of 236?
True
Is 8698950 a multiple of 15?
True
Is 69930 a multiple of 15?
True
Is 74 a factor of 707074?
False
Is 28 a factor of 11819052?
True
Is 73796 a multiple of 10?
False
Does 336 divide 886704?
True
Is 36 a factor of 803699?
False
Is 32184 a multiple of 8?
True
Is 82 a factor of 1006304?
True
Does 170 divide 6909650?
True
Does 63 divide 14741629?
False
Does 159 divide 473025?
True
Is 1630246 a multiple of 494?
False
Does 34 divide 2992454?
False
Is 74 a factor of 128986?
False
Is 262620 a multiple of 5?
True
Is 14 a factor of 100928?
False
Is 42892 even?
True
Does 8 divide 161552?
True
Is 488 a factor of 6884704?
True
Does 39 divide 6457269?
True
Does 596 divi